2 + j. What is y(p)?
6
Suppose m = 1 + 1, 0 = d - 3*m - 3. Let a(g) be the second derivative of 5/3*g**3 - 1/12*g**4 + 2 - g**2 - 4*g. What is a(d)?
7
Let m be ((-4120)/(-220) - 20)*-11. Let v(r) = -r**3 + 18*r**2 - 56*r + 7. Give v(m).
7
Suppose 0 = -3*q - 2*q - 5*t + 105, -t - 104 = -4*q. Let z be -26 + q - (-2 + -2). Let a(n) = 2*n**3 - 3*n**2 - 5*n + 4. Determine a(z).
16
Let o(m) = -4. Let l(f) = -2*f - 4. Let y(u) = -4*l(u) + 4*o(u). Suppose -15*r + 76 + 74 = 0. Suppose -5*x + r = q, -4*q - q + 29 = 4*x. Give y(x).
8
Let l(y) = -76*y**3 + 339*y**2 + 19*y - 72. Let w(f) = 13*f**3 - 58*f**2 - 3*f + 12. Let p(z) = 6*l(z) + 35*w(z). Calculate p(5).
8
Let u(i) = -i**3 - 6*i**2 - 28*i - 34. Let y be u(-7). Let r = 204 - y. Let h(f) = -5*f**2 - 10 - f**3 + 0*f - 2*f**2 - f. What is h(r)?
-3
Let j = -10 + -11. Let n = j - -29. Let p(v) = 10*v**2 - 34*v + 30. Let f(c) = -3*c**2 + 11*c - 10. Let i(x) = 7*f(x) + 2*p(x). What is i(n)?
-2
Let c(t) = -2995*t + 5999*t + 2*t**2 - 3007*t - 5. Let r be 46/(-11) + 10/55. Determine c(r).
39
Let i be (-27)/(-6)*2 + -8. Let b(f) = 7*f**3 + 3*f**2 + 3*f + 1. Let h(c) = 15*c**3 + 7*c**2 + 7*c + 2. Let x(s) = 9*b(s) - 4*h(s). What is x(i)?
2
Let q = -504 + 484. Let u be 4/q + 8/(-10). Let c(k) = 20*k**3 - 2*k**2 + 1. What is c(u)?
-21
Suppose 5*h - 3 + 28 = 0. Suppose -822*l + 817*l + 25 = 0. Let n(g) = -4 - l - 3*g + 13 - g**2 + 2. What is n(h)?
-4
Let n(a) = a**3 - 20*a**2 + 5*a + 37. Let g be n(20). Let j = 126 - g. Let l(z) = -z + 12. Calculate l(j).
23
Suppose -5*n = -k - 13, -15 + 0 = 5*k. Suppose -5*z - l + 9 = 0, 4 = -2*l + n. Let o(p) = -263*p - 1 - p**3 + 5*p**z + 263*p. Calculate o(4).
15
Let f(a) = -8 - 6*a**2 + 16 - 4 - a**3 - 3*a + 1. Let i(c) = -c**3 - c**2 + 2*c - 5. Suppose 30*d = 32*d. Let m be i(d). Calculate f(m).
-5
Let k(f) = f**2 - 10*f - 40. Let u be 13/(5*(-4)/(-20)). Determine k(u).
-1
Let b(c) = 9*c**3 + 2*c**2 + 6*c - 7. Suppose -63 = -15*k - 18. Let f(v) = 7*v**3 + 5*v - 7. Let i(p) = k*b(p) - 4*f(p). Determine i(5).
22
Let p(x) = 2*x**2 + x. Let c = -2655 - -2650. Give p(c).
45
Let g(y) = -y**3 + 7*y**2 + 7*y + 3. Let c(i) = -6*i**2 - 60*i - 19. Let b be c(-9). Let j be (((-336)/b)/3)/((-8)/20). What is g(j)?
-5
Suppose 3*s - 2*l + 135 = 0, -5*l = -2*s + 740 - 841. Let c(n) = n**2 + 42*n - 49. Calculate c(s).
-6
Let b(c) = -2*c - 6 + 1515*c**2 - c**3 + 0*c**3 - 1522*c**2. Determine b(-3).
-36
Let v be 2/8 - 184/(-32). Suppose -23*n - v = -26*n. Let j(q) = -n*q**2 + q**2 + 10*q - 1 + 2*q - 9*q. Determine j(3).
-1
Let a(r) be the first derivative of 3*r**2/2 + 2*r - 1358. Suppose 2*t - 6 = -0*t. Give a(t).
11
Let r(t) be the third derivative of t**6/120 - t**5/20 - 3*t**4/4 + t**3/6 + t**2 + 112*t + 3. What is r(-3)?
1
Let k(a) be the second derivative of -a**3/6 - 23*a**2/2 + 4797*a + 1. Give k(-4).
-19
Let n(m) = -8*m**3 - m**2 - 2*m + 2. Let d(i) = 13*i - 49. Let z be d(4). Suppose -3*t + 4*h = -23, -3*h = -z*t + 19 - 1. Give n(t).
-9
Let x(o) = -o**3 + 22*o**2 + 56*o - 196. Let j(r) = -9*r**3 - 65*r**2 - 11*r + 45. Let m be j(-7). Calculate x(m).
-4
Let c(d) be the first derivative of -4*d - 1/2*d**2 + 2. Let q = 488 + -494. Determine c(q).
2
Let c(u) be the second derivative of u**4/3 - 4*u**3/3 - 5*u**2 + 5722*u. Calculate c(-4).
86
Let x = -269 - -274. Let p(c) = 2 + 0*c - 2*c - 28555*c**2 + 28556*c**2 - x*c. Calculate p(5).
-8
Let o(y) = y**3 - y**2 - 5*y - 2. Let z(h) = -2*h**3 + 20*h**2 + 16. Let b be z(10). Suppose -6*d + 10*d - b = 0. Calculate o(d).
26
Suppose -3*t = -0*t + 3. Let j(l) be the third derivative of -339*l**2 - 1/30*l**5 - 1/6*l**3 + 0 + 0*l - 1/12*l**4 - 1/10*l**6. Give j(t).
11
Let l(z) be the first derivative of z**6/360 + z**5/30 - 17*z**4/24 - 17*z**3/3 + 102. Let j(s) be the third derivative of l(s). Determine j(-7).
4
Let g(b) = -b**2 + 9*b - 10. Let s be 2/10 + (-238)/(-35). Let w be g(s). Let c(y) be the first derivative of -y**3/3 + 2*y**2 - 4*y - 843. What is c(w)?
-4
Let z(w) = -115 + 45 + w**3 + 38 + 39 - 5*w**2 - 8*w. Let u be (-4)/(-26) + 2204/377. What is z(u)?
-5
Let h be (-42)/(-4)*(3 - 5). Let d(q) = 19*q**2 + 4*q - 11. Let r(w) = -2*w**2 + 2*w + 4. Let a(l) = d(l) + 9*r(l). Calculate a(h).
4
Let h(d) = -3*d**3 + 52*d**2 - 81*d - 25. Let y(i) = i**3 - 18*i**2 + 27*i + 11. Let g(s) = 3*h(s) + 8*y(s). Determine g(10).
-57
Let z(b) = -6*b**2 + 89*b - 39. Let q(k) = -k**2 + k + 2. Let f(o) = -4*q(o) + z(o). Give f(42).
-5
Suppose 0 = 3*s - 42 + 36. Let c(k) = -k**s - 1 - 2*k**2 - 85*k + 81*k. What is c(-3)?
-16
Let a(m) = 53*m - 5*m**3 - 91*m - 2 + 37*m. Determine a(-1).
4
Let f(z) = 0*z**2 + z**2 + 4 + 8*z - 3*z. Let l = -151942 + 151937. Give f(l).
4
Suppose -2*y + 24 = 4*t, 2*y + 2*y + t = 13. Suppose -3*v + y = 2*s - 19, -5*v + 2*s + 35 = 0. Let g(w) = -v*w + 4*w**2 - 3*w**2 + 217 - 213. What is g(4)?
-8
Let a = -5 + -1. Suppose -2*s = -5*p + 9, 0 = 4*s + 2*p - 5 - 13. Let i(z) = 598*z - 596*z + 9 - s. Give i(a).
-6
Let t be (((-621)/(-6))/9)/(1/10). Let s(p) = t*p**2 + 11*p + p**3 - 126*p**2 - 1 + 2. Calculate s(10).
11
Let m(o) = o**2 + 6*o + 3. Suppose 18*f - 12 = 15*f. Suppose -7*w = f*w + 33. Determine m(w).
-6
Let s(m) = -m**2 + 8. Let g(u) = 8*u**2 + 2*u - 58. Let f(c) = -2*g(c) - 15*s(c). Calculate f(-5).
-9
Let c = -799 + 779. Let y(g) = -2*g - 4. Let j be y(5). Let q = c - j. Let x(n) = -n**2 - n + 8. Give x(q).
-22
Let l(k) = 13*k - 18. Let x(y) = 11*y - 18. Let n(i) = 6*l(i) - 7*x(i). Calculate n(-13).
5
Let f(b) be the second derivative of -b**3/6 + 9*b**2 - b. Suppose -35 = 165*k - 162*k + 4*c, -3*k - 5*c - 49 = 0. Give f(k).
11
Let c(v) = -v**2 + 18*v - 12. Let z(w) = 12*w**2 + 41*w - 11. Let u be z(-4). Determine c(u).
5
Let c(n) be the third derivative of -n**6/120 - n**5/4 + 19*n**4/24 - n**3 + n**2 + 135*n. Calculate c(-16).
-54
Let r(v) = -34*v + 78*v + 2 + v**2 - 37*v. Suppose 42*c - 132 = 75*c. Give r(c).
-10
Let b(f) = 30 + 20*f - 422*f**2 + 5*f - 5*f + 420*f**2 - 10. Calculate b(11).
-2
Let w(i) be the first derivative of 3*i**2/2 - 5*i + 2655. Suppose -9 = 4*s + 5*a, 2*s - 17 + 4 = a. Give w(s).
7
Let d(m) be the third derivative of 0*m - 23*m**2 + 0 + 1/2*m**3 - 1/24*m**4. Let t be d(3). Let s(q) = -q**2 - q + 9. Calculate s(t).
9
Let i(l) = -10*l - 10. Suppose 3*r + 162 = -4*v + 173, -3*v - 18 = -3*r. What is i(v)?
0
Suppose 110 = 99*l + 704. Let i(p) = 3*p**2 + 1 - 4*p**2 - 3*p - p. Give i(l).
-11
Suppose -2*o + 213 = -2*w + 247, 3*o + 7*w + 71 = 0. Let u(s) = -8*s - 149. What is u(o)?
3
Suppose 2*h - 2636 = -2640. Let d(t) = -t**2 - 7*t - 1. Let y(o) = o**2 + 8*o. Let q be ((-2)/3)/(6/(-27)). Let x(c) = q*d(c) + 2*y(c). What is x(h)?
3
Let u be (3/4)/(3/16). Suppose 0 = 5*l - 0*c - c, 5*c = u*l. Let i(z) = -z - 2 + 8 + l. Calculate i(0).
6
Let f(t) = 10*t**2 - 22*t**3 + 4 - 18*t**3 - 18*t**3 - 3*t + 56*t**3. Give f(5).
-11
Let b(q) be the first derivative of -5/2*q**2 + 61 + 10*q - 1/3*q**3. Suppose j + 0*j + 7 = 0. What is b(j)?
-4
Let b = 20 + -17. Let a(v) be the first derivative of 1/4*v**4 - v**b - 2 + 2*v - 3*v**2. Calculate a(4).
-6
Suppose -11 + 8 = -z. Suppose 4*u + z*b + 32 = -b, 5*b + 12 = -u. Let j(s) = 0*s + 5 - 2*s + 1 - 8. Determine j(u).
12
Let c(s) = 2*s + 4. Let m be c(-3). Let v(g) = 4*g + 81. Let u be v(5). Let z(w) = -5*w + 46 - u + 53. Give z(m).
8
Let s = -2 + 22. Let q = s - 22. Let p(t) = -t. Let a(w) = 2*w**2 - 5*w - 1. Let v(c) = -a(c) + 4*p(c). Determine v(q).
-9
Let q(v) = 7*v**2 + 9*v + 9. Let n(o) = 6*o**2 + 8*o + 7. Let k = -227 + 232. Let r(c) = k*q(c) - 6*n(c). Calculate r(-3).
3
Suppose -2*b = 4*o + 6, -41*o = 4*b - 46*o - 14. Let g(u) be the third derivative of u**6/30 + u**5/60 - u**4/24 - 6*u**2 + 7. Give g(b).
4
Let n(p) be the first derivative of 1/2*p**2 + 6*p + 65. Determine n(10).
16
Let l(g) = -12*g + 4. Let n be (-140)/(-6)*36/(-15). Let b = n - -61. Let a(i) = -11*i + 4. Let p(c) = b*l(c) - 6*a(c). Calculate p(3).
14
Let g(w) = w**2 + 6*w + 27. Suppose -157*k - 815 - 127 = 0. What is g(k)?
27
Suppose 8*f + 413 + 75 = 0. Let j = f + 55. Let s(r) = -r**3 - 6*r**2 - 3*r. Give s(j).
18
Let n(p) = 11*p - 15. Let h(a) = -3*a + 4. Let j(r) = -9*h(r) - 2*n(r). Let g = -66952 - -66957. Give j(g).
19
Let g = -332 + 460. Let s = g - 125. Let a(i) = i + 2. Let l(f) = 7*f + 